is f(p)?
-8
Let m = 38 - 34. Let y(x) be the second derivative of 0 + 1/12*x**m - 3*x + 1/2*x**3 + x**2. Determine y(-2).
0
Let p(r) = r**3 + r**2 + 4. Let m(u) = 5*u + 2. Let t(i) = i. Let c(k) = m(k) - 4*t(k). Let x be c(-2). Calculate p(x).
4
Suppose -4*d - 36 = -5*s, s - 7 = d + 1. Let y(i) be the third derivative of -i**5/60 + 5*i**4/24 - 5*i**3/6 + 11*i**2. Determine y(s).
-1
Let j = -16 + 17. Let y(n) = 8*n. Calculate y(j).
8
Let s(w) be the second derivative of -w**5/20 - w**4/3 + 3*w**2/2 + 4*w - 4. Calculate s(-4).
3
Let c be 3/6*(1 + 1). Suppose 0*g + 2*g + 4*p = -2, p + 11 = 3*g. Let i(t) = g*t**2 + 0*t**2 + 2*t**2. Give i(c).
5
Suppose -c = i - 18, 7*c + i = 3*c + 66. Let l = c + -13. Let q(d) = d**2 - 6*d - 1. Give q(l).
-10
Let q(a) = -12*a - 26 + 15 + a. Let g(r) = 6*r + 6. Let l(b) = -5*g(b) - 3*q(b). What is l(-3)?
-6
Let n(w) = -2*w + 1. Let k be (32/(-24))/((-4)/6). Suppose -u = 5*p - 6*u - 10, k*u = p - 7. Determine n(p).
7
Let h = 18 - 6. Let x = h + -8. Let l(t) = x + 0*t**2 - 5 + t**2 - 3 - 5*t. Determine l(6).
2
Let o(l) = l**2 - 3*l. Let f be o(3). Let s(h) = f*h - h - h - h. What is s(-2)?
6
Let m(q) = 2*q**2 - q + 1. Let a be m(1). Let y(t) = t - t - a + t. Determine y(4).
2
Let d(f) = -f**3 + 5*f**2 + 6*f - 3. Let s be d(6). Let b(w) = -2*w + 1. Give b(s).
7
Suppose 5*o - 13 = -3*b, -3*b - 2 = -3*o + b. Let q(p) = p**2 - 3*p + 2. What is q(o)?
0
Let i(g) = 59*g - 74*g**2 - g**3 + 4 - 54*g + 69*g**2. Suppose -6 = -0*y + y. Calculate i(y).
10
Let y(l) be the third derivative of l**6/120 - l**5/30 - l**4/8 + l**3/2 + 17*l**2. What is y(2)?
-3
Let a(m) = m**2 - m - 1. Let j(y) be the third derivative of -y**4/12 + 2*y**3 + 4*y**2. Let x be j(6). Determine a(x).
-1
Let a(v) = v**3 + v**2 - v. Let s be 12/2 - 28/7. What is a(s)?
10
Suppose 5*r + 7 = 2*f - 0, 4*r = -5*f + 1. Let v(k) = k. Let i be v(r). Let d be i/(-4) - 18/8. Let y(s) = 4*s + 3. Give y(d).
-5
Let w(n) = -n**3 + 3*n**2 + 3*n - 3. Let k = -2 - 2. Let s = k - -6. Suppose -4*u = 4*g + 6 - s, 0 = 3*u + 5*g + 13. Determine w(u).
-7
Let y(w) = 2*w**2 + 1. Let v(i) = i**3 + 9*i**2 + 1. Let l be v(-9). Let d be y(l). Suppose -5*j + 9 = 3*h - 10, d = j + h. Let o(n) = n - 7. What is o(j)?
-2
Let s(k) = k + 4. Let v be s(-6). Let n(o) be the second derivative of 1/10*o**5 + 1/6*o**4 - 2*o + 0 + o**2 + 1/6*o**3. What is n(v)?
-8
Let c(x) = -2*x**3 + 170 + 2*x + x**3 - 176 + 5*x**2. Calculate c(6).
-30
Let j(p) be the second derivative of -7/6*p**3 - 4*p + 0 + 1/6*p**4 + 3*p**2. Determine j(4).
10
Let v(n) = 5*n**2 + 2*n - 1. Suppose 3*q - 25 = -2*q. Suppose 5*h + w - 23 = 0, -q*h - 4*w = w - 35. Let r = h + -3. Determine v(r).
6
Let h(b) be the first derivative of -4*b - 3/2*b**2 + 1/3*b**3 - 6. Calculate h(3).
-4
Let l(y) = y**2 + 8*y + 6. Suppose -7*i - 5*i - 72 = 0. Calculate l(i).
-6
Let o = -1 - -3. Let y(l) = -2*l + o*l - l + 4*l. Let d be ((-2)/(-3))/((-1)/(-3)). Determine y(d).
6
Let t(n) = n**2 - 5*n - 2. Let m(k) = -k - 5. Let v be m(-6). Let f be v/(-5) - 52/(-10). Give t(f).
-2
Let p = -16 + 15. Let z(y) = 10*y**3 - 2*y**2 - 2*y - 1. Calculate z(p).
-11
Let c = 14 - 12. Let v(w) be the first derivative of 2 + 1/2*w**c - 2*w. Give v(5).
3
Let q(l) be the third derivative of -5*l**4/24 - l**3/6 + l**2. Suppose -z = -3*v + 4*v + 2, 4*z - 4*v - 16 = 0. Give q(z).
-6
Let i(t) = t**2 - 6*t + 4. Let s(z) = z**2 - 17*z + 36. Let o be s(15). What is i(o)?
4
Let y(p) = -3*p + 0*p + 1 + 1. Let q(l) = -9*l + 1. Let w be q(-1). Suppose -12 = 6*d - w*d. What is y(d)?
-7
Suppose 0 = 4*d + 5 - 29. Let w be (3 - 6)/(d/4). Let i be 5/2 - 1/w. Let v(r) = -r - 3. What is v(i)?
-6
Let w(r) = -2*r**3 - r. Let k be (-2 - 0)/(6/(-9)). Let d be 10/5 - 1*k. Let v be w(d). Let y(t) = t**2 - 3*t + 4. Give y(v).
4
Suppose 3*h + 2*h - 2*b - 29 = 0, -5*h - 5*b = -15. Let y(w) = 3*w - 3. Determine y(h).
12
Let d(y) be the third derivative of -2/3*y**3 + 1/24*y**4 + 5*y**2 + 0*y + 0. Let i(z) = 2*z**2 - 4*z. Let t be i(3). Give d(t).
2
Let k = 12 + -7. Suppose 4*b = -b - 4*h + 23, -2 = -4*b + k*h. Let i(o) = 6*o - o - 4*o**2 + 4 - 3*o + o**b. Give i(3).
1
Let m(q) be the first derivative of -q**4/4 + 2*q**3 - 7*q**2/2 + 4*q + 12. Determine m(5).
-6
Let q(u) = u**3 + 6*u**2 + 5*u - 4. Let s be 75/9 + (-1)/3. Suppose 0 = 3*g + 2*g - 35. Suppose s = -3*l - g. What is q(l)?
-4
Let z(v) be the second derivative of v**6/360 - v**5/40 - v**4/12 - v**3/3 + 2*v. Let l(w) be the second derivative of z(w). Determine l(4).
2
Let x(u) be the first derivative of -u**3/3 - 3*u**2/2 - u - 16. What is x(-5)?
-11
Let r(w) be the first derivative of -1/3*w**3 + 4 - 7/2*w**2 - 4*w. Give r(-6).
2
Let j(g) = 2*g**3 + g**2 + g. Let v be 3/9 - 8/6. Determine j(v).
-2
Let l(p) = 7*p - 6*p**2 - 17*p**3 - 5 + 16*p**3 - 7*p. Determine l(-6).
-5
Let y(p) = -p + 5. Let d be y(0). Suppose -n + w = -9, -d*w = -n - 1 + 30. Let l(c) = -6 - 6*c + n*c + 2. Determine l(-5).
6
Suppose 4 - 2 = i. Let n(p) be the first derivative of 1/2*p**2 + 3*p - i. Determine n(-5).
-2
Let s(b) be the second derivative of -5*b + 0 + 7/2*b**2 + 1/6*b**3. Give s(-6).
1
Let w(y) be the first derivative of -y**3/3 + 2*y**2 - 6*y + 2. Let x = -18 - -34. Suppose 2*a = 6*a - x. Determine w(a).
-6
Suppose u + 5*j = 3*u - 31, -u - 4*j - 17 = 0. Let l(v) = 9 - 1 + 2*v - u. Give l(-4).
-3
Let i be 14/(-49) - (-11)/14. Let b(c) be the first derivative of 2/3*c**3 - i*c**2 + 0*c - 1. What is b(-1)?
3
Let w be ((-1)/(-1))/((-2)/10). Let b(m) = m**3 + 4*m**2 - 3*m + 5. Determine b(w).
-5
Let u(v) be the first derivative of -v**4/4 - 7*v**3/3 + 7*v - 14. Give u(-7).
7
Let u(n) be the second derivative of n**3 + n. Calculate u(1).
6
Let a(v) be the third derivative of v**6/60 - v**5/30 + v**4/12 - v**3/3 - 22*v**2. Give a(2).
10
Let z(p) = p**3 - 3*p**2 - 5*p - 1. Let x = -25 - -29. Give z(x).
-5
Suppose 3*p + 0*p = 0. Let j be (-2)/(-1*(p - -1)). Suppose 2*t = 8 - j. Let d(m) = -3*m + 3. What is d(t)?
-6
Let u(c) = 4*c. Let q be u(-1). Let m be (q/(-4))/((-3)/18). Let r(t) = -t**2 - 6*t + 4. Calculate r(m).
4
Let u(y) = -y**3 - 4*y**2 + 4. Suppose -2*a + 4*d - 4 = -0, -13 = -a + 5*d. Let h be ((-3)/((-9)/a))/1. Let b be u(h). Let k(p) = -p**2 + 3*p - 2. Give k(b).
-6
Let a(n) = 8*n + 7*n - 10*n + 1 - n**2. What is a(3)?
7
Let n = 3 + -1. Suppose n = -i + h, i + 2*h = h + 4. Let q(k) = -k. Calculate q(i).
-1
Let g(s) = -s + 9. Let b be 5*((-32)/(-20) + -2). Let z(l) = 2*l - 17. Let j(n) = b*z(n) - 5*g(n). What is j(6)?
-5
Suppose -3 = -4*v + 13. Let c(w) be the first derivative of -w**3/6 + w**2 - w + 2. Let p(t) be the first derivative of c(t). Give p(v).
-2
Suppose -4*i - 14 = -k, 2*i - 2*k = 4*i + 12. Let v(t) = -t - 4. What is v(i)?
0
Let z(d) be the first derivative of -d**3/3 + d**2/2 + 6*d + 6. Calculate z(0).
6
Let f(l) = -l**3 - 3*l**2 + 5*l + 2. Suppose -3*m + 6 = -21. Suppose 0 = -s + 4*s + m. Calculate f(s).
-13
Let l(k) = 2*k**2 + 13*k + 8. Let q be l(-6). Let i(f) = 2*f**2 + f - 5. Let u(x) = x**2 + 2*x - 4. Let h(a) = q*i(a) - 3*u(a). Determine h(5).
7
Let b(t) = t**2 - t - 2. Let i be b(3). Let x(s) = 2*s**2 - 3*s**3 + 4*s + 6*s**3 - 2 - i*s**3. Give x(3).
1
Suppose 0 = u - 5. Let h(q) = q**2 - q**3 - 4*q**3 - q + 2*q**3 - 2. Let o(l) = -7*l**3 + l**2 - 2*l - 5. Let w(p) = u*h(p) - 2*o(p). What is w(3)?
-3
Let b = 17 + -12. Let h(u) be the second derivative of u**4/12 - u**3/3 - 3*u**2 - u. Give h(b).
9
Suppose 11 = -3*u - 7. Let b(c) = c**2 + 2*c - 8. Calculate b(u).
16
Let m(p) = -3 - 4*p + p**2 + 0*p + 5 - p. Let s = -8 + 11. Give m(s).
-4
Let s(y) = 41*y - 4. Let a(r) = -10*r + 1. Let c(t) = 9*a(t) + 2*s(t). Let v(g) = g - 24. Let m be v(25). Determine c(m).
-7
Let l be ((-3)/(-4))/(2/(-8)). Let h be (8/6)/(6/9). Let u(q) = 4*q + 0*q**2 + 0*q**2 + 2 + 5*q**h - 4*q**2. Determine u(l).
-1
Suppose -6*y = -y + 3*q + 18, -4*y = 3*q + 12. Let z(b) = b**2 + 6*b - 7. Determine z(y).
-7
Let j(t) = 13*t**2 + 9*t + 2. Let b(x) = 7*x**2 + 5*x + 1. Let w(p) = -11*b(p) + 6*j(p). Let h(s) = -s**2 - 4*s. Let i be h(-3). Determine w(i).
7
Let h(z) = -8 + 11 + z + 3 - 3*z. What is h(5)?
-4
Suppose 33 = -5*k - 3*u, -5*k - 2*u - 2*u - 34 = 0. Let h = -3 - k. Let t(n) = -h + 3*n - 6*n - 2. Determine t(-4).
7
Let n be 1/(-3*(-1)/18). Let w(r) = -4*r**2 